visor of 198 and h.
18
Let o = -8 - -6. Let l be ((-70)/(-2))/(o/(-4)). Calculate the highest common divisor of 10 and l.
10
Suppose 24 = -r + 4*r. Let w = -6 + r. What is the greatest common factor of w and 2?
2
Suppose 0 = 2*m + 7*m - 63. Calculate the highest common factor of m and 49.
7
Let z be (-40)/6*126/(-5). What is the highest common factor of 24 and z?
24
Let r be 180/(-50)*15/(-2). Suppose 5*k - r = -5*a + 68, 4*k - 64 = 2*a. What is the greatest common divisor of k and 17?
17
Suppose -z = -4*z + 33. Suppose -2*m = -3*m + z. Let w = 348 - 227. What is the highest common factor of w and m?
11
Let a(q) = 5*q + 70. Let i be a(4). Let d be (2 + 0)/(1/2). Let b be (-30)/d*8/(-6). Calculate the highest common divisor of b and i.
10
Let q = -56 + 58. Calculate the greatest common factor of q and 5.
1
Let z be ((-75)/(-100))/(1/216). Let q(m) = m**2 - m - 2. Let u be q(5). Calculate the greatest common divisor of z and u.
18
Let i be -1*(3 + -4 - 0) - -23. Calculate the highest common divisor of 264 and i.
24
Let f = 55 - 34. Let h(m) = m**3 + m**2 + m - 4. Let n be h(0). Let s = n + 18. Calculate the highest common divisor of f and s.
7
Suppose -10 = -3*p - 2*p. Suppose -q - 4*a = -5*q + 20, 0 = -p*a + 10. What is the greatest common divisor of q and 90?
10
Suppose -3*x = 6, -x + 22 = -2*s - 3*x. Let a = s + 17. Calculate the greatest common divisor of a and 1.
1
Let a be 5 + 6/((-24)/(-44)). Suppose -4*r = -z - 315, -z = 5*r - 4*r - 85. Calculate the highest common divisor of r and a.
16
Suppose -4*a + 2*r + 3*r = 12, -a - 2*r - 3 = 0. Let s = -4 - a. Let d be s/(-4) + (-126)/(-8). What is the highest common divisor of d and 96?
16
Suppose -3*j + j - 4*i + 24 = 0, 15 = 3*i. Calculate the highest common divisor of j and 16.
2
Let p be (-2)/2 + (7 - 8). Let o be (0 - 0)/((-2)/p). Suppose o = 3*h + n - 13 - 16, 39 = 5*h + 4*n. Calculate the highest common divisor of 1 and h.
1
Let d(t) = -t**2 - 5*t + 5. Let c be d(-5). Suppose -f = 3, 91 = c*h - 3*f + f. What is the highest common divisor of 17 and h?
17
Let j(s) = s - 7. Let m be j(10). What is the highest common divisor of m and 3?
3
Let m be (-1 - 74)/(-6 - (-9)/2). Calculate the highest common factor of m and 20.
10
Suppose -3*q - 31 = 5*b, q + b + 2*b + 13 = 0. Let i be 2/q + 205/7. Let p = -15 + i. What is the greatest common divisor of 35 and p?
7
Suppose -3*a = -2*a - 12. Suppose -u + h - 51 = -5*u, 0 = 5*u + 5*h - 75. What is the highest common divisor of a and u?
12
Let t = -3 + 8. Suppose t*o - 32 = -5*l + 2*o, l + 5*o - 2 = 0. What is the greatest common factor of l and 56?
7
Suppose -14 = -5*d + 3*m, -2*d + 4*m = -m - 17. What is the greatest common factor of 10 and d?
1
Suppose 97 = -4*f + 697. Calculate the highest common divisor of f and 25.
25
Suppose -8*s - 11*s + 361 = 0. Calculate the greatest common divisor of s and 304.
19
Let p(y) be the third derivative of -y**4/24 + 13*y**3/6 - 5*y**2. Let k be p(0). Calculate the greatest common divisor of k and 39.
13
Let z be 2 + (-2 - -95) + 1. Suppose 0 = j - z + 12. What is the greatest common factor of j and 28?
28
Suppose -4 = -h + 6. Calculate the highest common divisor of h and 170.
10
Let x = -8 + 7. Let k be -1 - x - (3 + -4). Let o be 4/14 - (-52)/14. What is the highest common divisor of o and k?
1
Let x be 4 + (-558)/(-24) + 6/8. Calculate the highest common divisor of x and 224.
28
Let a = 97 - -47. Suppose -m + 6*j = 4*j - 8, 4*m + 3*j - 87 = 0. What is the highest common divisor of a and m?
18
Let t(k) = 2 + 12*k**2 - 2 - 11*k**2 + 4*k. Let p be t(11). Calculate the greatest common factor of p and 15.
15
Let y = 371 - 182. What is the highest common divisor of 21 and y?
21
Suppose 5*z = -5*b + 80, 0 = 4*b - 0*z - 4*z - 88. Calculate the greatest common factor of 209 and b.
19
Let k be 15/((-52)/28 - -2). Calculate the highest common divisor of 45 and k.
15
Let q = 97 + -52. Calculate the highest common factor of 90 and q.
45
Let d(k) = 13*k - 20. Let a be d(4). Suppose j - 2*j = 0. Let c be 8 + j/((-2)/(-1)). What is the greatest common factor of a and c?
8
Let g = -39 - -72. What is the greatest common factor of 11 and g?
11
Suppose 0 = -5*n + 2*i + 202, 2*n - n = -5*i + 62. Suppose -3*o + n = -126. Calculate the greatest common divisor of 8 and o.
8
Let o = -5 + 10. What is the greatest common factor of o and 1?
1
Suppose 12 = 2*k + k. Suppose -k*u - u + 25 = 0. Suppose -u*i + 95 = -5*d, -2*d + 34 = i + 2*d. What is the greatest common divisor of 11 and i?
11
Let s(d) = d**2 + 14*d + 13. Let c be s(-17). What is the highest common divisor of 32 and c?
32
Suppose 1 = -2*i + 9. Let u be 27/9 - i*-2. Calculate the greatest common divisor of u and 55.
11
Let a be 57 - (1 - 5 - -4). What is the highest common divisor of 38 and a?
19
Let x be (4/8)/(2/3420). Suppose 0 = 4*m - 15 - 1. Suppose m*w = -w + x. What is the highest common factor of w and 19?
19
Suppose 3*s - 3*m - 57 = 0, -3*s + 5*m = -6*s + 65. Let p = 15 - 10. What is the highest common divisor of s and p?
5
Let l be 0*(-1)/(-4) + 8. Calculate the highest common divisor of 24 and l.
8
Let x be 2/(-6) - 62/(-6). Let o(i) = -4*i - 8. Let m be o(-12). Calculate the highest common factor of m and x.
10
Let s be 1*14/(-6)*-18. Suppose 3*z = 3*p + 48, -5*z + 125 = -0*z + 4*p. What is the greatest common divisor of z and s?
21
Suppose -5*s + 31 = 4*m, 4*m - 3*s - 8 + 1 = 0. Suppose t + m = 0, 18 = -v - 4*t - t. Calculate the greatest common factor of v and 4.
2
Let v(i) = i**2 - 2. Let r be v(2). What is the highest common divisor of 5 and r?
1
Suppose 0 = -0*g + g. Suppose -48 = -g*c - 4*c. Calculate the greatest common divisor of c and 30.
6
Let h = 16 - 7. What is the greatest common factor of h and 81?
9
Suppose -3*k = 17 - 2, -3*k + 33 = 3*q. Suppose 2*f + 4 = -2*c, -5*c + 5*f + q = -4*c. Let h = -8 + 17. What is the highest common divisor of c and h?
1
Let c = 89 - 53. What is the highest common factor of c and 4?
4
Suppose 2*g + 8 = 0, 26 = 2*z - 3*g + 5*g. Let j(t) = t + 24. Let w be j(-7). What is the highest common divisor of z and w?
17
Let z = -22 + 28. Calculate the highest common divisor of 6 and z.
6
Let u(b) = -14*b**3 - 2*b - 2. Let o be u(-1). Calculate the greatest common divisor of 112 and o.
14
Let n(l) = l**2 + 8. Let w be n(0). Let f be -1 + (-3)/((-6)/32). Suppose -5*q = f, -2*i - q = -8 - 21. What is the highest common divisor of i and w?
8
Suppose -3*v - c + 42 = -3*c, 2*c = 4*v - 54. Calculate the greatest common divisor of 36 and v.
12
Suppose 35 = 2*a - 5*z, a - 3*z - 59 = -4*a. Calculate the highest common divisor of a and 2.
2
Let x(o) = -o**2 + 9*o - 8. Let h be x(7). Suppose 7*q = h*q. Suppose 4 = 2*k - q. Calculate the highest common divisor of k and 2.
2
Suppose 0 = 5*x - 3*x - 8. Suppose -x*p - p = -1045. What is the highest common factor of p and 19?
19
Let l = -60 + 26. Let h be (-1)/(-3) - l/6. Suppose -3*r = -13 - 5. Calculate the greatest common divisor of h and r.
6
Let k be ((-3)/7)/(3/(-63)). What is the greatest common factor of 27 and k?
9
Suppose 2*u = 34 + 10. What is the highest common divisor of u and 55?
11
Let a be (2/1)/(-1) - -1. Let i be ((-30)/(-5))/(a/(-6)). Calculate the greatest common divisor of 9 and i.
9
Let g be (-1)/(-4) + 18/(-8). Let p be 531/6 - g/4. Suppose c - 34 = -4*t, -5*c + 5 = t - p. Calculate the greatest common factor of c and 2.
2
Let i(g) = -48*g**3 + g**2 - g - 1. Let s be i(-1). Suppose y = 4*d - s, -d = -0*y + y - 16. Calculate the highest common divisor of 13 and d.
13
Suppose 0 = -5*q - 5*f + 20, -11 = -4*q + 4*f - 27. Let v be (q + 1)/((-4)/(-2004)). Let c = v + -314. What is the greatest common factor of 17 and c?
17
Let k = -125 - -142. Calculate the greatest common divisor of 136 and k.
17
Suppose k = 5 - 4. Let u = 0 + k. Let f be ((5/(-1))/(-1))/u. Calculate the highest common factor of f and 55.
5
Let o be -2*9/12*-2. Calculate the greatest common factor of o and 27.
3
Let j be 6/(3/(-12)*-6). Let d be 9 - (16/j + -1). Calculate the highest common factor of d and 9.
3
Let n(y) = -y**2 + 8*y. Let x be n(4). Let b = 63 + x. Let d = 115 - b. Calculate the highest common divisor of d and 9.
9
Let f = -38 + 53. Suppose -2*a + 6 = 0, 10 = -k - 2*a + 7*a. Calculate the highest